housands digit of 19244?
9
What is the tens digit of 4076?
7
What is the hundreds digit of 5561?
5
What is the thousands digit of 1597?
1
What is the units digit of 10102?
2
What is the ten thousands digit of 60878?
6
What is the tens digit of 24751?
5
What is the hundreds digit of 8767?
7
What is the tens digit of 9980?
8
What is the units digit of 64541?
1
What is the hundreds digit of 12746?
7
What is the hundreds digit of 1005?
0
What is the tens digit of 27917?
1
What is the units digit of 6660?
0
What is the hundreds digit of 232?
2
What is the units digit of 66939?
9
What is the units digit of 8561?
1
What is the units digit of 43447?
7
What is the tens digit of 14911?
1
What is the hundreds digit of 26123?
1
What is the thousands digit of 6916?
6
What is the tens digit of 260?
6
What is the hundreds digit of 717?
7
What is the units digit of 41738?
8
What is the thousands digit of 125226?
5
What is the ten thousands digit of 99095?
9
What is the tens digit of 64398?
9
What is the tens digit of 672?
7
What is the hundreds digit of 2170?
1
What is the units digit of 2369?
9
What is the ten thousands digit of 75813?
7
What is the thousands digit of 35515?
5
What is the units digit of 191?
1
What is the hundreds digit of 15994?
9
What is the hundreds digit of 466?
4
What is the hundreds digit of 77035?
0
What is the units digit of 5351?
1
What is the tens digit of 6531?
3
What is the units digit of 659?
9
What is the tens digit of 100?
0
What is the units digit of 21103?
3
What is the hundreds digit of 46911?
9
What is the thousands digit of 3773?
3
What is the tens digit of 1242?
4
What is the hundreds digit of 861?
8
What is the units digit of 3845?
5
What is the tens digit of 312?
1
What is the units digit of 3283?
3
What is the tens digit of 95519?
1
What is the units digit of 411?
1
What is the thousands digit of 1830?
1
What is the hundreds digit of 9205?
2
What is the tens digit of 108234?
3
What is the units digit of 3678?
8
What is the tens digit of 3353?
5
What is the ten thousands digit of 35002?
3
What is the ten thousands digit of 12261?
1
What is the units digit of 11811?
1
What is the ten thousands digit of 29035?
2
What is the units digit of 19537?
7
What is the ten thousands digit of 58031?
5
What is the tens digit of 24611?
1
What is the thousands digit of 3215?
3
What is the tens digit of 459?
5
What is the tens digit of 18119?
1
What is the tens digit of 19212?
1
What is the units digit of 1719?
9
What is the tens digit of 990?
9
What is the tens digit of 699?
9
What is the units digit of 28661?
1
What is the tens digit of 561?
6
What is the units digit of 18877?
7
What is the units digit of 12678?
8
What is the units digit of 10913?
3
What is the thousands digit of 10383?
0
What is the tens digit of 7196?
9
What is the hundreds digit of 477?
4
What is the units digit of 1947?
7
What is the ten thousands digit of 18608?
1
What is the units digit of 12283?
3
What is the units digit of 9635?
5
What is the tens digit of 1086?
8
What is the hundreds digit of 122649?
6
What is the hundreds digit of 4766?
7
What is the hundreds digit of 51524?
5
What is the units digit of 8187?
7
What is the units digit of 4269?
9
What is the tens digit of 565?
6
What is the tens digit of 6185?
8
What is the units digit of 75?
5
What is the thousands digit of 21126?
1
What is the units digit of 989?
9
What is the hundreds digit of 80943?
9
What is the tens digit of 16082?
8
What is the units digit of 3059?
9
What is the hundreds digit of 1934?
9
What is the hundreds digit of 756?
7
What is the hundreds digit of 541?
5
What is the ten thousands digit of 16618?
1
What is the units digit of 640?
0
What is the units digit of 602?
2
What is the units digit of 347?
7
What is the hundreds digit of 853?
8
What is the hundreds digit of 2118?
1
What is the thousands digit of 8926?
8
What is the tens digit of 40169?
6
What is the tens digit of 82164?
6
What is the tens digit of 9110?
1
What is the hundreds digit of 4784?
7
What is the ten thousands digit of 138446?
3
What is the tens digit of 323?
2
What is the ten thousands digit of 19082?
1
What is the hundreds digit of 4635?
6
What is the tens digit of 10401?
0
What is the thousands digit of 2232?
2
What is the hundred thousands digit of 151067?
1
What is the tens digit of 511?
1
What is the thousands digit of 1707?
1
What is the ten thousands digit of 10059?
1
What is the ten thousands digit of 24544?
2
What is the hundreds digit of 3166?
1
What is the tens digit of 5991?
9
What is the hundreds digit of 182?
1
What is the hundreds digit of 9536?
5
What is the tens digit of 966?
6
What is the hundreds digit of 32897?
8
What is the tens digit of 4059?
5
What is the tens digit of 528?
2
What is the tens digit of 3639?
3
What is the hundreds digit of 1416?
4
What is the units digit of 532?
2
What is the units digit of 3495?
5
What is the thousands digit of 86413?
6
What is the thousands digit of 9189?
9
What is the hundreds digit of 46208?
2
What is the tens digit of 724?
2
What is the thousands digit of 2030?
2
What is the tens digit of 8860?
6
What is the thousands digit of 59833?
9
What is the tens digit of 5621?
2
What is the hundreds digit of 686?
6
What is the tens digit of 32243?
4
What is the hundreds digit of 2463?
4
What is the thousands digit of 35054?
5
What is the units digit of 10056?
6
What is the units digit of 16112?
2
What is the thousands digit of 5288?
5
What is the units digit of 205?
5
What is the hundreds digit of 6962?
9
What is the units digit of 506?
6
What is the tens digit of 22743?
4
What is the thousands digit of 2205?
2
What is the hundreds digit of 27437?
4
What is the hundreds digit of 1953?
9
What is the hundreds digit of 7084?
0
What is the units digit of 9686?
6
What is the units digit of 1514?
4
What is the hundreds digit of 7866?
8
What is the thousands digit of 13292?
3
What is the tens digit of 181?
8
What is the tens digit of 7733?
3
What is the tens digit of 5399?
9
What is the hundreds digit of 1742?
7
What is the hundreds digit of 222?
2
What is the tens digit of 5745?
4
What is the hundreds digit of 711?
7
What is the units digit of 15441?
1
What is the thousands digit of 6092?
6
What is the ten thousands digit of 153049?
5
What is the ten thousands digit of 27333?
2
What is the tens digit of 1800?
0
What is the hundreds digit of 84512?
5
What is the units digit of 324?
4
What is the thousands digit of 4840?
4
What is the ten thousands digit of 35015?
3
What is the units digit of 1934?
4
What is the units digit of 18638?
8
What is the units digit of 7380?
0
What is the thousands digit of 22057?
2
What is the units digit of 22?
2
What is the units digit of 6024?
4
What is the units digit of 3?
3
What is the thousands digit of 7078?
7
What is the thousands digit of 14743?
4
What is the thousands digit of 16515?
6
What is the tens digit of 4591?
9
What is the hundreds digit of 6324?
3
What is the hundred thousands digit of 142575?
1
What is the units digit of 936?
6
What is the units digit of 1425?
5
What is the tens digit of 2560?
6
What is the thousands digit of 20311?
0
What is the hundreds digit of 209?
2
What is the tens digit of 492?
9
What is the hundreds digit of 10950?
9
What is the hundreds digit of 128407?
4
What is the ten thousands digit of 27798?
2
What is the tens digit of 6016?
1
What is the units digit of 1236?
6
What is the units digit of 59588?
8
What is the tens digit of 1362?
6
What is the thousands digit of 52139?
2
What is the tens digit of 2139?
3
What is the hundreds digit of 22616?
6
What is the hundreds digit of 12261?
2
What is the hundreds digit of 126802?
8
What is the ten thousands digit of 21985?
2
What is the thousands digit of 36631?
6
What is the units digit of 2521?
1
What is the hundreds digit of 10841?
8
What is the tens digit of 4618?
1
What is the units digit of 1971?
1
What is the hundreds digit of 14520?
5
What is the hundreds digit of 1745?
7
What is the tens digit of 7343?
4
What is the hundreds digit of 2280?
2
What is the thousands digit of 2045?
2
What is the thousands digit of 1532?
1
What is the hundreds digit of 1867?
8
What is the units digit of 877?
7
What is the tens digit of 7952?
5
What is the thousands